se 12) to base 11
-13
Convert 1110 (base 2) to base 6.
22
-4 (base 11) to base 2
-100
What is 330 (base 5) in base 9?
110
126 (base 7) to base 15
49
7 (base 14) to base 5
12
Convert 143 (base 7) to base 16.
50
Convert 4 (base 14) to base 9.
4
15 (base 11) to base 8
20
Convert 175 (base 11) to base 13.
128
What is 6 (base 12) in base 11?
6
101001 (base 2) to base 15
2b
-10 (base 3) to base 9
-3
-58 (base 11) to base 7
-120
-2 (base 5) to base 11
-2
Convert 26 (base 12) to base 7.
42
What is 9 (base 11) in base 5?
14
Convert -10a (base 15) to base 2.
-11101011
2 (base 14) to base 9
2
What is -107 (base 8) in base 2?
-1000111
0 (base 3) to base 15
0
11122 (base 3) to base 4
1331
What is 4c (base 13) in base 9?
71
Convert -20 (base 5) to base 2.
-1010
5 (base 15) to base 8
5
4 (base 5) to base 10
4
3 (base 14) to base 12
3
10 (base 15) to base 5
30
Convert -13 (base 16) to base 8.
-23
What is -43 (base 15) in base 10?
-63
What is -5 (base 7) in base 8?
-5
What is -102 (base 4) in base 14?
-14
Convert 39 (base 15) to base 16.
36
Convert 5 (base 8) to base 12.
5
0 (base 12) to base 13
0
Convert -3 (base 8) to base 15.
-3
4 (base 16) to base 9
4
-1 (base 10) to base 16
-1
What is -6 (base 14) in base 10?
-6
1202 (base 6) to base 9
352
e9 (base 16) to base 5
1413
-76 (base 16) to base 7
-226
What is 324 (base 8) in base 3?
21212
Convert 2 (base 10) to base 7.
2
What is -1 (base 10) in base 11?
-1
Convert 5 (base 10) to base 16.
5
What is -4 (base 11) in base 2?
-100
-420 (base 8) to base 9
-332
-54 (base 7) to base 14
-2b
What is 1 (base 3) in base 11?
1
-21 (base 8) to base 16
-11
What is 117 (base 8) in base 14?
59
What is -1010101 (base 2) in base 16?
-55
97 (base 13) to base 3
11121
-4 (base 11) to base 7
-4
Convert 11 (base 3) to base 5.
4
111 (base 5) to base 11
29
1 (base 5) to base 2
1
112 (base 4) to base 9
24
-120 (base 3) to base 2
-1111
What is -2 (base 4) in base 9?
-2
Convert -21 (base 10) to base 12.
-19
What is -21 (base 6) in base 11?
-12
-5 (base 12) to base 7
-5
Convert -4 (base 7) to base 8.
-4
Convert -30 (base 12) to base 2.
-100100
-2 (base 3) to base 11
-2
1 (base 14) to base 5
1
What is -2200 (base 5) in base 9?
-363
Convert 12 (base 6) to base 9.
8
8 (base 15) to base 12
8
Convert -20 (base 6) to base 10.
-12
Convert -1 (base 3) to base 11.
-1
What is 12 (base 3) in base 14?
5
What is 0 (base 15) in base 3?
0
-233 (base 6) to base 14
-69
What is 1101000 (base 2) in base 4?
1220
What is 1 (base 10) in base 14?
1
26 (base 9) to base 12
20
3 (base 16) to base 5
3
What is 389 (base 10) in base 16?
185
What is -110 (base 5) in base 7?
-42
-10 (base 4) to base 7
-4
What is 141 (base 12) in base 9?
234
What is -133 (base 9) in base 13?
-87
Convert 3 (base 5) to base 10.
3
Convert 1 (base 6) to base 5.
1
4 (base 16) to base 8
4
2 (base 6) to base 7
2
302 (base 7) to base 9
175
-1 (base 13) to base 6
-1
-126 (base 12) to base 4
-2232
7 (base 16) to base 7
10
Convert 15 (base 10) to base 9.
16
Convert -1b (base 14) to base 15.
-1a
What is -32 (base 9) in base 13?
-23
Convert 1 (base 7) to base 5.
1
What is -101 (base 11) in base 15?
-82
Convert -91 (base 11) to base 8.
-144
Convert -100 (base 2) to base 16.
-4
Convert -321 (base 8) to base 9.
-252
2e (base 16) to base 12
3a
10 (base 4) to base 8
4
13 (base 11) to base 15
e
-1 (base 15) to base 9
-1
Convert 345 (base 7) to base 9.
220
Convert 70 (base 12) to base 16.
54
What is -1 (base 4) in base 16?
-1
12122 (base 3) to base 15
a2
What is -c (base 14) in base 9?
-13
-12 (base 16) to base 4
-102
1b (base 15) to base 8
32
-67 (base 11) to base 13
-58
-23 (base 9) to base 10
-21
131 (base 8) to base 6
225
What is b (base 14) in base 12?
b
-1522 (base 6) to base 9
-505
What is 40 (base 5) in base 11?
19
Convert -4 (base 16) to base 4.
-10
Convert -a4 (base 14) to base 7.
-264
What is 10 (base 5) in base 6?
5
2 (base 5) to base 7
2
Convert -21 (base 13) to base 3.
-1000
Convert -d (base 15) to base 16.
-d
Convert 10 (base 10) to base 4.
22
What is 13 (base 14) in base 10?
17
What is 11 (base 8) in base 7?
12
-1 (base 3) to base 6
-1
10000 (base 2) to base 5
31
10 (base 11) to base 9
12
Convert 1100 (base 5) to base 16.
96
Convert 1011 (base 2) to base 4.
23
0 (base 2) to base 14
0
What is 13 (base 10) in base 5?
23
Convert 10 (base 4) to base 12.
4
What is a (base 12) in base 2?
1010
Convert 20102 (base 3) to base 4.
2231
-22 (base 5) to base 11
-11
-2 (base 10) to base 13
-2
What is 6 (base 13) in base 5?
11
What is 3 (base 12) in base 13?
3
73 (base 10) to base 7
133
-4 (base 9) to base 8
-4
What is -9 (base 10) in base 12?
-9
Convert 2 (base 14) to base 10.
2
What is -1 (base 4) in base 13?
-1
What is -2 (base 10) in base 14?
-2
What is -27 (base 9) in base 10?
-25
Convert 34 (base 10) to base 7.
46
2 (base 11) to base 4
2
What is -19 (base 11) in base 9?
-22
What is 2 (base 12) in base 15?
2
What is -2 (base 16) in base 7?
-2
Convert -5 (base 12) to base 14.
-5
-21 (base 5) to base 16
-b
Convert -36 (base 14) to base 9.
-53
-21 (base 10) to base 4
-111
What is -2 (base 8) in base 13?
-2
What is 37 (base 9) in base 12?
2a
What is -1 (base 6) in base 9?
-1
What is -70 (base 14) in base 7?
-200
What is -2020 (base 3) in base 16?
-3c
What is -c3 (base 16) in base 4?
-3003
6 (base 15) to base 6
10
19 (base 10) to base 14
15
-10 (base 3) to base 5
-3
200 (base 3) to base 12
16
13 (base 4) to base 14
7
What is 2 (base 4) in base 16?
2
What is 20 (base 4) in base 16?
8
What is -1201 (base 3) in base 12?
-3a
What is -7 (base 10) in base 15?
-7
10 (base 5) to base 2
101
Convert 3a (base 13) to base 7.
100
Convert 7 (base 15) to base 12.
7
Convert -1 (base 3) to base 15.
-1
What is 3 (base 10) in base 2?
11
3 (base 14) to base 5
3
What is 0 (base 4) in base 11?
0
0 (base 12) to base 9
0
What is -3 (base 5) in base 7?
-3
Convert -2 (base 3) to base 13.
-2
Convert 0 (base 8) to base 9.
0
135 (base 7) to base 5
300
1 (base 2) to base 7
1
Convert c (base 14) to base 2.
1100
What is 1 (base 3) in base 10?
1
What is 4 (base 10) in base 14?
4
-1 (base 6) to base 10
-1
Convert -10 (base 2) to base 11.
-2
Convert -6a (base 14) to base 7.
-163
-31 (base 6) to base 8
-23
What is -2102 (base 3) in base 12?
-55
Convert -6 (base 10) to base 2.
-110
Convert -11 (base 16) to base 11.
-16
Convert -33 (base 4) to base 15.
-10
-5 (base 11) to base 2
-101
Convert 10010 (base 2) to base 10.
18
Convert 31 (base 8) to base 10.
25
-215 (base 7) to base 4
-1232
Convert 1 (base 9) to base 5.
1
Convert -1 (base 16) to base 15.
-1
-30 (base 7) to base 10
-21
Convert 150 (base 6) to base 10.
66
-36 (base 10) to base 15
-26
Convert -16 (base 9) to base 10.
-15
-15 (base 6) to base 15
-b
What is 8a (base 11) in base 14?
70
What is -33 (base 11) in base 4?
-210
Convert -22 (base 13) to base 10.
-28
What is 26 (base 8) in base 5?
42
Convert -204 (base 7) to base 5.
-402
What is -3000 (base 4) in base 9?
-233
Convert -10 (base 2) to base 16.
-2
Convert 5 (base 14) to base 4.
11
-3 (base 9) to base 3
-10
-30 (base 8) to base 16
-18
Convert 112 (base 4) to base 10.
22
Convert -4 (base 5) to base 13.
-4
2e (base 16) to base 5
141
Convert -1b (base 13) to base 16.
-18
1 (base 3) to base 4
1
-1 (base 11) to base 16
-1
What is -10 (base 9) in base 13?
-9
-26 (base 10) to base 7
-35
533 (base 6) to base 2
11001001
32 (base 9) to base 10
29
Convert 1010100 (base 2) to base 16.
54
-4 (base 8) to base 4
-10
What is 3 (base 5) in base 14?
3
What is 10 (base 16) in base 8?
20
Convert 5 (base 15) to base 3.
12
Convert 10001 (base 2) to base 13.
14
What is -34 (base 10) in base 9?
-37
-2 (base 4) to base 13
-2
20 (base 11) to base 2
10110
What is -b (base 14) in base 12?
-b
Convert 0 (base 11) to base 10.
0
What is -1000 (base 2) in base 12?
-8
Convert 1 (base 9) to base 16.
1
What is -d (base 15) in base 16?
-d
5 (base 16) to base 6
5
What is -566 (base 8) in base 13?
-22a
211 (base 3) to base 9
24
What is 14 (base 10) in base 13?
11
-12 (base 6) to base 15
-8
What is 12 (base 3) in base 7?
5
What is -3 (base 9) in base 14?
-3
Convert 8 (base 10) to base 14.
8
2 (base 16) to base 4
2
-2 (base 13) to base 15
-2
Convert 12 (base 3) to base 13.
5
Convert -243 (base 5) to base 7.
-133
Convert -8 (base 10) to base 2.
-1000
What is 1210 (base 